
Is 4 a factor of 7500?
True
Is 23 a factor of 46?
True
Does 22 divide 7867?
False
Does 33 divide 528?
True
Is 16 a factor of 62?
False
Is 16 a factor of 6593?
False
Does 43 divide 525?
False
Is 8973 a multiple of 3?
True
Does 38 divide 26188?
False
Does 129 divide 36894?
True
Is 5140 a multiple of 10?
True
Is 4400 a multiple of 88?
True
Is 32 a factor of 160?
True
Is 10 a factor of 467?
False
Does 19 divide 4133?
False
Does 21 divide 13923?
True
Does 106 divide 37524?
True
Does 11 divide 7382?
False
Is 6 a factor of 2017?
False
Does 82 divide 97192?
False
Is 19 a factor of 31533?
False
Does 10 divide 9868?
False
Is 6355 a multiple of 41?
True
Is 5 a factor of 11048?
False
Is 1301 a multiple of 5?
False
Is 75 a factor of 25875?
True
Does 33 divide 1209?
False
Does 24 divide 1632?
True
Is 929 a multiple of 35?
False
Does 31 divide 10850?
True
Is 12540 a multiple of 22?
True
Is 135 a factor of 27270?
True
Is 35 a factor of 2800?
True
Is 5 a factor of 2284?
False
Is 22 a factor of 1296?
False
Is 861 a multiple of 5?
False
Is 10 a factor of 353?
False
Is 2729 a multiple of 6?
False
Is 5 a factor of 760?
True
Does 35 divide 10866?
False
Is 3528 a multiple of 49?
True
Does 13 divide 39442?
True
Does 3 divide 365?
False
Is 12 a factor of 654?
False
Is 945 a multiple of 63?
True
Is 569 a multiple of 13?
False
Is 45726 a multiple of 317?
False
Is 135 a factor of 45225?
True
Is 11 a factor of 4488?
True
Is 22 a factor of 418?
True
Is 29 a factor of 379?
False
Does 4 divide 8840?
True
Does 25 divide 387?
False
Is 4 a factor of 441?
False
Does 11 divide 968?
True
Is 15 a factor of 2898?
False
Does 6 divide 212?
False
Does 45 divide 9810?
True
Is 79 a factor of 18960?
True
Does 190 divide 56755?
False
Is 2691 a multiple of 96?
False
Does 15 divide 15?
True
Does 24 divide 4508?
False
Does 11 divide 5446?
False
Is 12732 a multiple of 160?
False
Does 25 divide 3225?
True
Is 8 a factor of 5536?
True
Is 8 a factor of 4240?
True
Is 3 a factor of 414?
True
Does 25 divide 142?
False
Is 892 a multiple of 34?
False
Does 17 divide 3111?
True
Is 3251 a multiple of 71?
False
Does 67 divide 1177?
False
Is 767 a multiple of 16?
False
Is 2341 a multiple of 48?
False
Is 5 a factor of 36?
False
Does 33 divide 34298?
False
Does 10 divide 84?
False
Is 616 a multiple of 77?
True
Is 1351 a multiple of 92?
False
Is 7314 a multiple of 183?
False
Is 10620 a multiple of 295?
True
Is 14344 a multiple of 146?
False
Is 176 a multiple of 16?
True
Does 26 divide 7072?
True
Is 37 a factor of 12667?
False
Does 7 divide 3711?
False
Is 800 a multiple of 40?
True
Is 16 a factor of 32?
True
Does 36 divide 32345?
False
Is 26 a factor of 5172?
False
Does 154 divide 4675?
False
Does 17 divide 528?
False
Is 7266 a multiple of 42?
True
Does 10 divide 44?
False
Is 100 a multiple of 50?
True
Is 2 a factor of 187?
False
Is 4908 a multiple of 12?
True
Is 1464 a multiple of 117?
False
Is 219 a multiple of 76?
False
Is 1066 a multiple of 2?
True
Does 23 divide 1725?
True
Is 88400 a multiple of 16?
True
Is 66666 a multiple of 41?
True
Is 23458 a multiple of 173?
False
Is 95 a factor of 321?
False
Does 125 divide 8672?
False
Is 12 a factor of 47518?
False
Is 9 a factor of 931?
False
Is 16656 a multiple of 5?
False
Is 48 a factor of 13344?
True
Is 75812 a multiple of 67?
False
Is 30 a factor of 450?
True
Does 189 divide 6039?
False
Is 151 a factor of 105102?
False
Is 3682 a multiple of 14?
True
Is 15158 a multiple of 25?
False
Does 8 divide 390?
False
Is 8 a factor of 848?
True
Is 10178 a multiple of 23?
False
Is 123 a factor of 32457?
False
Is 6 a factor of 966?
True
Is 977 a multiple of 131?
False
Is 20 a factor of 1139?
False
Is 26 a factor of 234?
True
Does 25 divide 1622?
False
Is 25 a factor of 200?
True
Is 11248 a multiple of 19?
True
Does 25 divide 175?
True
Is 7 a factor of 1003?
False
Is 8 a factor of 3328?
True
Is 3835 a multiple of 44?
False
Is 11 a factor of 23640?
False
Does 7 divide 140?
True
Does 11 divide 47977?
False
Is 17295 a multiple of 15?
True
Is 86 a multiple of 43?
True
Is 271 a factor of 36856?
True
Does 77 divide 5720?
False
Is 34599 a multiple of 20?
False
Is 494 a multiple of 26?
True
Is 2950 a multiple of 59?
True
Does 34 divide 12988?
True
Does 11 divide 27840?
False
Is 273 a multiple of 3?
True
Is 110 a factor of 3410?
True
Does 29 divide 2507?
False
Does 37 divide 11057?
False
Is 15 a factor of 55031?
False
Does 2 divide 9109?
False
Is 16 a factor of 1667?
False
Is 8 a factor of 469?
False
Is 68121 a multiple of 29?
True
Does 44 divide 4620?
True
Is 5 a factor of 1465?
True
Does 32 divide 4044?
False
Is 9758 a multiple of 5?
False
Is 10421 a multiple of 53?
False
Is 58 a factor of 42746?
True
Is 3549 a multiple of 91?
True
Is 36471 a multiple of 37?
False
Is 15 a factor of 150?
True
Is 38256 a multiple of 16?
True
Does 24 divide 2208?
True
Does 11 divide 1993?
False
Does 4 divide 344?
True
Is 8 a factor of 7504?
True
Is 19 a factor of 93?
False
Does 33 divide 9923?
False
Is 3740 a multiple of 110?
True
Does 96 divide 18580?
False
Does 20 divide 7664?
False
Is 76 a factor of 228?
True
Is 45 a factor of 634?
False
Is 7 a factor of 3515?
False
Is 12806 a multiple of 10?
False
Is 3 a factor of 276?
True
Is 1086 a multiple of 77?
False
Is 4 a factor of 99?
False
Is 24912 a multiple of 36?
True
Does 14 divide 1979?
False
Is 81 a factor of 567?
True
Is 4 a factor of 5?
False
Does 171 divide 115657?
False
Is 33 a factor of 10890?
True
Is 4603 a multiple of 16?
False
Is 110 a multiple of 5?
True
Is 12 a factor of 874?
False
Does 10 divide 780?
True
Is 915 a multiple of 22?
False
Does 185 divide 8695?
True
Is 29 a factor of 17893?
True
Is 90 a factor of 6750?
True
Is 525 a multiple of 91?
False
Is 697 a multiple of 21?
False
Does 6 divide 60861?
False
Is 31894 a multiple of 11?
False
Does 11 divide 116?
False
Is 49 a factor of 9589?
False
Does 58 divide 9232?
False
Is 34810 a multiple of 295?
True
Does 16 divide 11636?
False
Is 4310 a multiple of 5?
True
Does 134 divide 25594?
True
Is 11 a factor of 814?
True
Is 12 a factor of 3372?
True
Does 47 divide 70500?
True
Is 18 a factor of 6750?
True
Is 1456 a multiple of 2?
True
Is 300 a factor of 23400?
True
Is 3142 a multiple of 17?
False
Is 38 a factor of 439?
False
Is 52116 a multiple of 172?
True
Is 59 a factor of 12626?
True
Is 13 a factor of 1803?
False
Is 40 a factor of 840?
True
Is 984 a multiple of 8?
True
Is 176 a factor of 8800?
True
Does 33 divide 593?
False
Is 44 a multiple of 22?
True
Is 19 a factor of 1596?
True
Does 21 divide 13818?
True
Is 28 a factor of 2104?
False
Is 2424 a multiple of 4?
True
Does 82 divide 4756?
True
Is 23184 a multiple of 276?
True
Is 11222 a multiple of 8?
False
Is 14613 a multiple of 69?
False
Does 11 divide 4719?
True
Is 1598 a multiple of 47?
True
Is 48340 a multiple of 32?
False
Does 15 divide 242?
False
Is 3309 a multiple of 19?
False
Is 2146 a multiple of 58?
True
Is 19 a factor of 9262?
False
Is 46 a factor of 5755?
False
Is 82 a multiple of 3?
False
Does 50 divide 18550?
True
Does 94 divide 18518?
True
Is 561 a multiple of 33?
True
Does 27 divide 17631?
True
Is 1264 a multiple of 38?
False
Does 99 divide 12497?
False
Is 15 a factor of 768?
False
Is 8 a factor of 5960?
True
Is 387 a multiple of 18?
False
Is 11104 a multiple of 13?
False
Is 3 a factor of 225?
True
Is 14 a factor of 31864?
True
Is 82 a factor of 2296?
True
Is 2256 a multiple of 16?
True
Does 20 divide 13200?
True
Does 12 divide 1968?
True
Is 378 a multiple of 15?
False
Is 58120 a multiple of 259?
False
Is 124 a factor of 49486?
False
Does 160 divide 1927?
False
Is 2008 a multiple of 8?
True
Is 264 a multiple of 12?
True
Is 49 a factor of 57?
False
Is 45006 a multiple of 13?
True
Is 206 a factor of 65999?
False
Is 10 a factor of 204?
False
Is 30 a factor of 9420?
True
Is 1196 a multiple of 13?
True
Is 78102 a multiple of 18?
True
Is 8 a factor of 1751?
False
Is 30 a multiple of 22?
False
Does 14 divide 25879?
False
Does 12 divide 78?
False
Is 19 a factor of 361?
True
Does 3 divide 1803?
True
Does 95 divide 4655?
True
Does 5 divide 5?
True
Does 32 divide 3024?
False
Does 10 divide 296?
False
Is 21 a factor of 1197?
True
Is 21 a factor of 5187?
True
Is 10 a factor of 9740?
True
Does 6 divide 354?
True
Is 27412 a multiple of 28